6201
What is 63076 (base 10) in base 8?
173144
-5228d (base 16) to base 11
-20a922
Convert -4066641 (base 8) to base 14.
-20050d
Convert 201402342 (base 5) to base 6.
25204414
210001002201 (base 3) to base 10
414145
44169 (base 15) to base 4
310310010
What is 182788 (base 10) in base 16?
2ca04
What is 3602ba (base 15) in base 10?
2582500
-379654 (base 12) to base 15
-12e11d
422210520 (base 6) to base 9
14811333
What is 167226 (base 9) in base 8?
312430
-10110100010000001 (base 2) to base 14
-258c1
What is 111000120200 (base 3) in base 11?
165622
Convert 63c54a (base 13) to base 14.
44d05a
What is -101010001011111101000 (base 2) in base 9?
-2536233
-b95027 (base 12) to base 11
-1723211
-23113311320 (base 4) to base 5
-1230344430
Convert 10403 (base 8) to base 6.
32055
1152199 (base 11) to base 15
29a28d
Convert -1000111120112 (base 3) to base 15.
-aa5e2
What is -100436 (base 7) in base 16?
-4286
Convert -122022212200 (base 3) to base 10.
-341082
11235566 (base 8) to base 3
11120222010101
Convert -1001010001010111100101 (base 2) to base 10.
-2430437
What is -1200012221 (base 4) in base 12?
-16b975
Convert b7d4 (base 14) to base 13.
115a9
-10000131222 (base 4) to base 10
-1050474
Convert -1111303231 (base 4) to base 9.
-585111
Convert 8a8411 (base 11) to base 16.
16104a
Convert -23b142 (base 12) to base 11.
-366081
Convert 1b021c2 (base 13) to base 9.
17688102
-93238 (base 12) to base 6
-4041312
What is -62160 (base 16) in base 12?
-174600
Convert -20973c (base 13) to base 7.
-6330135
What is -25e51 (base 16) in base 8?
-457121
What is -102211211002211 (base 3) in base 14?
-b9c143
Convert 101ebb (base 16) to base 7.
11660003
-11230223003 (base 4) to base 5
-340244244
What is -10541102 (base 6) in base 7?
-2520230
What is -11000120102 (base 3) in base 4?
-103110230
Convert -12221022221102 (base 3) to base 9.
-5838842
38337 (base 9) to base 16
64c0
269a03 (base 12) to base 7
5301123
-20000213021 (base 4) to base 14
-3c9277
What is 1077682 (base 9) in base 6?
20255115
-64533755 (base 8) to base 11
-7882433
-255142142 (base 7) to base 3
-1010121020021122
Convert -305444 (base 11) to base 9.
-826552
What is -10233333 (base 5) in base 6?
-1505250
-2221202 (base 5) to base 15
-b802
123013230 (base 4) to base 7
641601
-56534 (base 10) to base 2
-1101110011010110
Convert 18675 (base 15) to base 8.
232355
-12705a6 (base 12) to base 13
-9a1127
45834 (base 13) to base 12
61340
-e2ec (base 15) to base 13
-18a74
-44396 (base 11) to base 3
-10021021120
Convert -3608b (base 13) to base 16.
-182a4
What is 161979 (base 10) in base 6?
3245523
What is -204666 (base 10) in base 16?
-31f7a
What is 1016a (base 11) in base 12?
8706
Convert -10010010011100101110110 (base 2) to base 6.
-250504502
Convert -20112001022221 (base 3) to base 7.
-41311363
Convert -10020014 (base 7) to base 9.
-1502255
Convert 1141325 (base 6) to base 15.
12b72
Convert 1342281 (base 9) to base 5.
142032100
What is 101632 (base 12) in base 14?
678d8
-3534433 (base 6) to base 12
-8a419
Convert -1043123113 (base 5) to base 10.
-2317283
Convert 1c4644 (base 14) to base 8.
3666524
Convert 2355130 (base 7) to base 3.
120012211221
Convert -324455 (base 9) to base 14.
-50779
What is -8158237 (base 10) in base 3?
-120100110222221
What is -d8817 (base 16) in base 13?
-25084c
What is -13663b (base 15) in base 8?
-3436052
-1303201030 (base 4) to base 13
-1374a3
What is 253117 (base 11) in base 6?
12321131
What is -1140019 (base 13) in base 2?
-10100010000111101110000
What is 210112102001 (base 3) in base 2?
1100111011110100111
Convert 1e538e (base 15) to base 6.
51502425
110214211 (base 5) to base 12
1ab699
-288969 (base 10) to base 9
-480346
Convert 3066a9 (base 12) to base 13.
206c49
27a1858 (base 11) to base 14
8d6403
What is 12f8b62 (base 16) in base 6?
1550213350
Convert 2a7741a (base 11) to base 13.
1124b55
233212010302 (base 4) to base 8
57460462
-20388 (base 15) to base 16
-18ea5
What is -578018 (base 12) in base 13?
-3a1891
Convert -114685 (base 9) to base 16.
-10de1
-22886155 (base 9) to base 5
-10324030310
What is -6adb1 (base 16) in base 4?
-1222312301
-12110011010 (base 3) to base 8
-321412
-222100200011 (base 3) to base 10
-518809
-3265a (base 14) to base 16
-1dc88
-1111001110010111 (base 2) to base 3
-10011112121
Convert -2997a (base 11) to base 8.
-122705
Convert -14372347 (base 8) to base 2.
-1100011111010011100111
Convert 2032121 (base 5) to base 4.
20022003
What is -101111011100101 (base 2) in base 3?
-1020022202
What is -102142202 (base 5) in base 13?
-11c94b
What is 5167882 (base 12) in base 8?
72333042
Convert ddaa0 (base 14) to base 12.
21aa50
Convert 6360383 (base 9) to base 8.
14773245
dbd9c (base 14) to base 12
218046
What is 1101110100110110000 (base 2) in base 3?
212000110021
Convert -21201110021 (base 3) to base 16.
-2519b
Convert 873b1 (base 12) to base 10.
178549
Convert 3451022 (base 8) to base 13.
26b245
Convert -1070570 (base 8) to base 6.
-10124040
Convert 1038bc5 (base 15) to base 10.
11572160
What is 324434132 (base 5) in base 11?
880006
Convert -2a97a (base 15) to base 14.
-37d9a
Convert -311140 (base 6) to base 14.
-9108
-7cd03e (base 16) to base 6
-451153154
What is 4537623 (base 10) in base 6?
241131303
What is 72a74 (base 14) in base 9?
461210
-258e3b (base 15) to base 12
-72aa55
Convert 30221210100 (base 4) to base 3.
20020110200020
What is 442748a (base 11) in base 5?
3442112004
Convert 238a99 (base 11) to base 14.
9ba75
Convert 114403 (base 12) to base 7.
2232516
3431415 (base 6) to base 5
21102311
-1010101101011000111000 (base 2) to base 5
-1204313402
Convert 111110101101101000 (base 2) to base 9.
431323
Convert 10736632 (base 8) to base 13.
64019a
Convert 10211010210002 (base 3) to base 9.
3733702
What is a0491 (base 15) in base 4?
1323312112
What is 214567 (base 15) in base 3?
2222110222021
Convert -65d42 (base 16) to base 5.
-101321330
38a44 (base 11) to base 15
1181e
-11892 (base 16) to base 12
-35696
What is 17327 (base 9) in base 8?
27234
Convert -7f51 (base 16) to base 3.
-1122201011
What is 40c470 (base 13) in base 10?
1512303
Convert 100242341 (base 5) to base 13.
10cc2a
Convert -6264216 (base 7) to base 3.
-1102101012200
What is 1000010011011101101111 (base 2) in base 7?
24334405
Convert -13034114 (base 6) to base 15.
-85c87
What is -10110000001101110101111 (base 2) in base 16?
-581baf
1001210012220 (base 3) to base 5
121112332
4042520 (base 9) to base 16
20dda1
Convert -442b67 (base 13) to base 14.
-2db28a
Convert a690 (base 12) to base 10.
18252
-312322201 (base 4) to base 15
-469a4
22452205 (base 6) to base 15
d9c52
What is -138908 (base 10) in base 3?
-21001112202
What is -222346056 (base 7) in base 2?
-110011011001100100111110
Convert 57564 (base 12) to base 14.
306a8
Convert -435243 (base 8) to base 3.
-21102101111
Convert -11221656 (base 7) to base 12.
-3b3366
-493691 (base 10) to base 13
-143933
What is 34324201 (base 6) in base 9?
1874751
Convert -10001100011111000111 (base 2) to base 10.
-575431
1200021211212 (base 3) to base 16
d9a3f
Convert d995 (base 14) to base 2.
1001001010111111
3242012 (base 5) to base 14
16518
Convert -64a1650 (base 11) to base 3.
-210111022011110
What is -537721 (base 10) in base 16?
-83479
-11111001001011100011111 (base 2) to base 11
-4677665
40606 (base 12) to base 7
466233
Convert -33522300 (base 6) to base 13.
-29a111
Convert -10b5c1 (base 14) to base 13.
-16c0a4
40320 (base 9) to base 11
18a06
What is 1743127 (base 9) in base 5?
222121241
Convert -22014511 (base 7) to base 5.
-440331120
Convert -347969 (base 10) to base 14.
-90b4d
-ed42 (base 16) to base 8
-166502
Convert 24425 (base 8) to base 10.
10517
-cd5262 (base 15) to base 11
-55859a0
-13899e (base 16) to base 6
-43235502
-3204214424 (base 5) to base 11
-3873869
What is 47c785 (base 13) in base 5?
414302010
122002221222 (base 3) to base 14
8aa30
What is 2945 (base 13) in base 15?
1b82
Convert 12a33b (base 15) to base 11.
561563
Convert 323324342 (base 5) to base 11.
867542
What is -295b7b (base 12) in base 2?
-10101001100101001111
Convert -337089 (base 14) to base 3.
-10021210212120
Convert d543f (base 16) to base 11.
547333
What is 1353632 (base 7) in base 15?
38b4b
-358166 (base 10) to base 5
-42430131
Convert -15116761 (base 8) to base 15.
-481ac0